{"id":11205,"date":"2025-03-01T23:08:29","date_gmt":"2025-03-02T02:08:29","guid":{"rendered":"https:\/\/clarustactical.com\/loja\/?post_type=product&#038;p=11205"},"modified":"2026-03-27T02:31:26","modified_gmt":"2026-03-27T05:31:26","slug":"clarus-tactical-aquasolv-sonic-cleaner-solucao-de-limpeza-ultrassonica-1kg","status":"publish","type":"product","link":"https:\/\/clarustactical.com\/loja\/produto\/clarus-tactical-aquasolv-sonic-cleaner-solucao-de-limpeza-ultrassonica-1kg\/","title":{"rendered":"CLARUS Tactical &#8211; AquaSolv Sonic Cleaner &#8211; Solu\u00e7\u00e3o de Limpeza Ultrass\u00f4nica &#8211; 1Kg"},"content":{"rendered":"<p><strong>AquaSolv Sonic Cleaner<\/strong> \u00e9 uma solu\u00e7\u00e3o de limpeza ultrass\u00f4nica para armas. Compat\u00edvel com todos os equipamentos de ultrassom. Dissolve res\u00edduos de \u00f3leo, graxa e propelente. Compat\u00edvel com partes met\u00e1licas em geral.<\/p>\n<p><strong>Caracter\u00edsticas:<\/strong><\/p>\n<ul>\n<li>Altamente eficaz para limpeza de armas em lavadoras ultrass\u00f4nicas;<\/li>\n<li>Dissolve e remove incrusta\u00e7\u00f5es de propelente \/ p\u00f3lvora, \u00f3leos e graxas;<\/li>\n<li>Limpa res\u00edduos de a\u00e7\u00f5es, arma\u00e7\u00f5es, gatilhos, e outros mecanismos;<\/li>\n<li>Maior poder de penetra\u00e7\u00e3o limpando cavidades e partes internas de mecanismos;<\/li>\n<li>Compat\u00edvel com partes met\u00e1licas em geral;<\/li>\n<li>Prote\u00e7\u00e3o anti-corrosiva e anti-oxidativa;<\/li>\n<li>Sol\u00favel em \u00e1gua. N\u00e3o inflam\u00e1vel (atende NR-16 e 20);<\/li>\n<li>Biodegrad\u00e1vel. N\u00e3o insalubre (atende NR-15);<\/li>\n<li>Baixo odor.<\/li>\n<\/ul>\n<p><strong>Envio:<\/strong><\/p>\n<p>Seu pedido ser\u00e1 enviado \u00e0 transportadora em at\u00e9 2 dias \u00fateis ap\u00f3s a confirma\u00e7\u00e3o do pagamento. O prazo de entrega poder\u00e1 variar dependendo da regi\u00e3o e forma de envio escolhida. Sujeito a disponibilidade do Fornecedor.<\/p>\n","protected":false},"excerpt":{"rendered":"<p>Solu\u00e7\u00e3o de Limpeza Ultrass\u00f4nica para Armas. 1Kg<\/p>\n","protected":false},"featured_media":11226,"comment_status":"closed","ping_status":"closed","template":"","meta":[],"product_cat":[136,24],"product_tag":[],"brands":[{"id":190,"name":"CLARUS Tactical","slug":"clarus-tactical"}],"yoast_head":"<!-- This site is optimized with the Yoast SEO plugin v17.1 - https:\/\/yoast.com\/wordpress\/plugins\/seo\/ -->\n<title>CLARUS Tactical - AquaSolv Sonic Cleaner - Solu\u00e7\u00e3o de Limpeza Ultrass\u00f4nica - 1Kg &ndash; CLARUS Tactical - Loja Oficial<\/title>\n<meta name=\"robots\" content=\"index, follow, max-snippet:-1, max-image-preview:large, max-video-preview:-1\" \/>\n<link rel=\"canonical\" href=\"https:\/\/clarustactical.com\/loja\/produto\/clarus-tactical-aquasolv-sonic-cleaner-solucao-de-limpeza-ultrassonica-1kg\/\" \/>\n<meta property=\"og:locale\" content=\"pt_BR\" \/>\n<meta property=\"og:type\" content=\"article\" \/>\n<meta property=\"og:title\" content=\"CLARUS Tactical - AquaSolv Sonic Cleaner - Solu\u00e7\u00e3o de Limpeza Ultrass\u00f4nica - 1Kg &ndash; CLARUS Tactical - Loja Oficial\" \/>\n<meta property=\"og:description\" content=\"Solu\u00e7\u00e3o de Limpeza Ultrass\u00f4nica para Armas. 1Kg\" \/>\n<meta property=\"og:url\" content=\"https:\/\/clarustactical.com\/loja\/produto\/clarus-tactical-aquasolv-sonic-cleaner-solucao-de-limpeza-ultrassonica-1kg\/\" \/>\n<meta property=\"og:site_name\" content=\"CLARUS Tactical - Loja Oficial\" \/>\n<meta property=\"article:modified_time\" content=\"2026-03-27T05:31:26+00:00\" \/>\n<meta property=\"og:image\" content=\"https:\/\/clarustactical.com\/loja\/wp-content\/uploads\/2025\/03\/aquasolv-sonic-cleaner-min.png\" \/>\n\t<meta property=\"og:image:width\" content=\"754\" \/>\n\t<meta property=\"og:image:height\" content=\"754\" \/>\n<meta name=\"twitter:card\" content=\"summary_large_image\" \/>\n<meta name=\"twitter:label1\" content=\"Est. reading time\" \/>\n\t<meta name=\"twitter:data1\" content=\"1 minuto\" \/>\n<script type=\"application\/ld+json\" class=\"yoast-schema-graph\">{\"@context\":\"https:\/\/schema.org\",\"@graph\":[{\"@type\":\"WebSite\",\"@id\":\"https:\/\/clarustactical.com\/loja\/#website\",\"url\":\"https:\/\/clarustactical.com\/loja\/\",\"name\":\"ProArmas by CLARUS Tactical\",\"description\":\"Produtos para Manuten\\u00e7\\u00e3o de Armas\",\"potentialAction\":[{\"@type\":\"SearchAction\",\"target\":{\"@type\":\"EntryPoint\",\"urlTemplate\":\"https:\/\/clarustactical.com\/loja\/?s={search_term_string}\"},\"query-input\":\"required name=search_term_string\"}],\"inLanguage\":\"pt-BR\"},{\"@type\":\"ImageObject\",\"@id\":\"https:\/\/clarustactical.com\/loja\/produto\/clarus-tactical-aquasolv-sonic-cleaner-solucao-de-limpeza-ultrassonica-1kg\/#primaryimage\",\"inLanguage\":\"pt-BR\",\"url\":\"https:\/\/clarustactical.com\/loja\/wp-content\/uploads\/2025\/03\/aquasolv-sonic-cleaner-min.png\",\"contentUrl\":\"https:\/\/clarustactical.com\/loja\/wp-content\/uploads\/2025\/03\/aquasolv-sonic-cleaner-min.png\",\"width\":754,\"height\":754},{\"@type\":\"WebPage\",\"@id\":\"https:\/\/clarustactical.com\/loja\/produto\/clarus-tactical-aquasolv-sonic-cleaner-solucao-de-limpeza-ultrassonica-1kg\/#webpage\",\"url\":\"https:\/\/clarustactical.com\/loja\/produto\/clarus-tactical-aquasolv-sonic-cleaner-solucao-de-limpeza-ultrassonica-1kg\/\",\"name\":\"CLARUS Tactical - AquaSolv Sonic Cleaner - Solu\\u00e7\\u00e3o de Limpeza Ultrass\\u00f4nica - 1Kg &ndash; CLARUS Tactical - Loja Oficial\",\"isPartOf\":{\"@id\":\"https:\/\/clarustactical.com\/loja\/#website\"},\"primaryImageOfPage\":{\"@id\":\"https:\/\/clarustactical.com\/loja\/produto\/clarus-tactical-aquasolv-sonic-cleaner-solucao-de-limpeza-ultrassonica-1kg\/#primaryimage\"},\"datePublished\":\"2025-03-02T02:08:29+00:00\",\"dateModified\":\"2026-03-27T05:31:26+00:00\",\"breadcrumb\":{\"@id\":\"https:\/\/clarustactical.com\/loja\/produto\/clarus-tactical-aquasolv-sonic-cleaner-solucao-de-limpeza-ultrassonica-1kg\/#breadcrumb\"},\"inLanguage\":\"pt-BR\",\"potentialAction\":[{\"@type\":\"ReadAction\",\"target\":[\"https:\/\/clarustactical.com\/loja\/produto\/clarus-tactical-aquasolv-sonic-cleaner-solucao-de-limpeza-ultrassonica-1kg\/\"]}]},{\"@type\":\"BreadcrumbList\",\"@id\":\"https:\/\/clarustactical.com\/loja\/produto\/clarus-tactical-aquasolv-sonic-cleaner-solucao-de-limpeza-ultrassonica-1kg\/#breadcrumb\",\"itemListElement\":[{\"@type\":\"ListItem\",\"position\":1,\"name\":\"Home\",\"item\":\"https:\/\/clarustactical.com\/loja\/\"},{\"@type\":\"ListItem\",\"position\":2,\"name\":\"Shop\",\"item\":\"https:\/\/clarustactical.com\/loja\/shop\/\"},{\"@type\":\"ListItem\",\"position\":3,\"name\":\"CLARUS Tactical &#8211; AquaSolv Sonic Cleaner &#8211; Solu\\u00e7\\u00e3o de Limpeza Ultrass\\u00f4nica &#8211; 1Kg\"}]}]}<\/script>\n<!-- \/ Yoast SEO plugin. -->","yoast_head_json":{"title":"CLARUS Tactical - AquaSolv Sonic Cleaner - Solu\u00e7\u00e3o de Limpeza Ultrass\u00f4nica - 1Kg &ndash; CLARUS Tactical - Loja Oficial","robots":{"index":"index","follow":"follow","max-snippet":"max-snippet:-1","max-image-preview":"max-image-preview:large","max-video-preview":"max-video-preview:-1"},"canonical":"https:\/\/clarustactical.com\/loja\/produto\/clarus-tactical-aquasolv-sonic-cleaner-solucao-de-limpeza-ultrassonica-1kg\/","og_locale":"pt_BR","og_type":"article","og_title":"CLARUS Tactical - AquaSolv Sonic Cleaner - Solu\u00e7\u00e3o de Limpeza Ultrass\u00f4nica - 1Kg &ndash; CLARUS Tactical - Loja Oficial","og_description":"Solu\u00e7\u00e3o de Limpeza Ultrass\u00f4nica para Armas. 1Kg","og_url":"https:\/\/clarustactical.com\/loja\/produto\/clarus-tactical-aquasolv-sonic-cleaner-solucao-de-limpeza-ultrassonica-1kg\/","og_site_name":"CLARUS Tactical - Loja Oficial","article_modified_time":"2026-03-27T05:31:26+00:00","og_image":[{"width":754,"height":754,"filesize":66587,"url":"https:\/\/clarustactical.com\/loja\/wp-content\/uploads\/2025\/03\/aquasolv-sonic-cleaner-min.png","path":"\/var\/www\/html\/w3-clarustactical\/loja\/wp-content\/uploads\/2025\/03\/aquasolv-sonic-cleaner-min.png","size":"full","id":11226,"alt":"","pixels":568516,"type":"image\/png"}],"twitter_card":"summary_large_image","twitter_misc":{"Est. reading time":"1 minuto"},"schema":{"@context":"https:\/\/schema.org","@graph":[{"@type":"WebSite","@id":"https:\/\/clarustactical.com\/loja\/#website","url":"https:\/\/clarustactical.com\/loja\/","name":"ProArmas by CLARUS Tactical","description":"Produtos para Manuten\u00e7\u00e3o de Armas","potentialAction":[{"@type":"SearchAction","target":{"@type":"EntryPoint","urlTemplate":"https:\/\/clarustactical.com\/loja\/?s={search_term_string}"},"query-input":"required name=search_term_string"}],"inLanguage":"pt-BR"},{"@type":"ImageObject","@id":"https:\/\/clarustactical.com\/loja\/produto\/clarus-tactical-aquasolv-sonic-cleaner-solucao-de-limpeza-ultrassonica-1kg\/#primaryimage","inLanguage":"pt-BR","url":"https:\/\/clarustactical.com\/loja\/wp-content\/uploads\/2025\/03\/aquasolv-sonic-cleaner-min.png","contentUrl":"https:\/\/clarustactical.com\/loja\/wp-content\/uploads\/2025\/03\/aquasolv-sonic-cleaner-min.png","width":754,"height":754},{"@type":"WebPage","@id":"https:\/\/clarustactical.com\/loja\/produto\/clarus-tactical-aquasolv-sonic-cleaner-solucao-de-limpeza-ultrassonica-1kg\/#webpage","url":"https:\/\/clarustactical.com\/loja\/produto\/clarus-tactical-aquasolv-sonic-cleaner-solucao-de-limpeza-ultrassonica-1kg\/","name":"CLARUS Tactical - AquaSolv Sonic Cleaner - Solu\u00e7\u00e3o de Limpeza Ultrass\u00f4nica - 1Kg &ndash; CLARUS Tactical - Loja Oficial","isPartOf":{"@id":"https:\/\/clarustactical.com\/loja\/#website"},"primaryImageOfPage":{"@id":"https:\/\/clarustactical.com\/loja\/produto\/clarus-tactical-aquasolv-sonic-cleaner-solucao-de-limpeza-ultrassonica-1kg\/#primaryimage"},"datePublished":"2025-03-02T02:08:29+00:00","dateModified":"2026-03-27T05:31:26+00:00","breadcrumb":{"@id":"https:\/\/clarustactical.com\/loja\/produto\/clarus-tactical-aquasolv-sonic-cleaner-solucao-de-limpeza-ultrassonica-1kg\/#breadcrumb"},"inLanguage":"pt-BR","potentialAction":[{"@type":"ReadAction","target":["https:\/\/clarustactical.com\/loja\/produto\/clarus-tactical-aquasolv-sonic-cleaner-solucao-de-limpeza-ultrassonica-1kg\/"]}]},{"@type":"BreadcrumbList","@id":"https:\/\/clarustactical.com\/loja\/produto\/clarus-tactical-aquasolv-sonic-cleaner-solucao-de-limpeza-ultrassonica-1kg\/#breadcrumb","itemListElement":[{"@type":"ListItem","position":1,"name":"Home","item":"https:\/\/clarustactical.com\/loja\/"},{"@type":"ListItem","position":2,"name":"Shop","item":"https:\/\/clarustactical.com\/loja\/shop\/"},{"@type":"ListItem","position":3,"name":"CLARUS Tactical &#8211; AquaSolv Sonic Cleaner &#8211; Solu\u00e7\u00e3o de Limpeza Ultrass\u00f4nica &#8211; 1Kg"}]}]}},"_links":{"self":[{"href":"https:\/\/clarustactical.com\/loja\/wp-json\/wp\/v2\/product\/11205"}],"collection":[{"href":"https:\/\/clarustactical.com\/loja\/wp-json\/wp\/v2\/product"}],"about":[{"href":"https:\/\/clarustactical.com\/loja\/wp-json\/wp\/v2\/types\/product"}],"replies":[{"embeddable":true,"href":"https:\/\/clarustactical.com\/loja\/wp-json\/wp\/v2\/comments?post=11205"}],"wp:featuredmedia":[{"embeddable":true,"href":"https:\/\/clarustactical.com\/loja\/wp-json\/wp\/v2\/media\/11226"}],"wp:attachment":[{"href":"https:\/\/clarustactical.com\/loja\/wp-json\/wp\/v2\/media?parent=11205"}],"wp:term":[{"taxonomy":"product_cat","embeddable":true,"href":"https:\/\/clarustactical.com\/loja\/wp-json\/wp\/v2\/product_cat?post=11205"},{"taxonomy":"product_tag","embeddable":true,"href":"https:\/\/clarustactical.com\/loja\/wp-json\/wp\/v2\/product_tag?post=11205"}],"curies":[{"name":"wp","href":"https:\/\/api.w.org\/{rel}","templated":true}]}}