{"id":11186,"date":"2025-02-28T22:14:10","date_gmt":"2025-03-01T01:14:10","guid":{"rendered":"https:\/\/clarustactical.com\/loja\/?post_type=product&#038;p=11186"},"modified":"2026-04-03T23:09:55","modified_gmt":"2026-04-04T02:09:55","slug":"vegelub-ptfe-shield-clarus-tactical-protetivo-anticorrosivo-e-renovador-de-acabamento-440ml","status":"publish","type":"product","link":"https:\/\/clarustactical.com\/loja\/produto\/vegelub-ptfe-shield-clarus-tactical-protetivo-anticorrosivo-e-renovador-de-acabamento-440ml\/","title":{"rendered":"VegeLub PTFE Shield \u2013 CLARUS Tactical \u2013 Protetivo Anticorrosivo e Renovador de Acabamento \u2013 440ml"},"content":{"rendered":"<p><strong>VegeLub PTFE Shield \u2013 CLARUS Tactical <\/strong>\u00e9 um produto inovador para<strong>\u00a0proteger\u00a0<\/strong>contra\u00a0<strong>riscos e oxida\u00e7\u00e3o\u00a0<\/strong>e\u00a0<strong>renovar\u00a0<\/strong>o acabamento de sua arma. Lubrificante e protetivo seco, aditivado com PTFE. Inodoro, At\u00f3xico.<\/p>\n<p><strong>Caracter\u00edsticas:<\/strong><\/p>\n<ul>\n<li>Pel\u00edcula protetiva de longa dura\u00e7\u00e3o contra riscos (inclusive causados por coldres de Kydex), oxida\u00e7\u00e3o e \u00e1gua.<\/li>\n<li>Ideal para renovar o acabamento de armas de fogo (nitreta\u00e7\u00e3o \/ oxida\u00e7\u00e3o negra e outras)<\/li>\n<li>Protege contra incrusta\u00e7\u00f5es de terra e poeira, facilitando processo de limpeza da arma.<\/li>\n<li>Pel\u00edcula seca ideal para manuseio da arma: n\u00e3o deixa a arma pegajosa.<\/li>\n<li>Lubrificante e protetivo seco, aditivado com PTFE.<\/li>\n<li>Compat\u00edvel com partes de pol\u00edmero.<\/li>\n<li>Lubrifica os mecanismos internos.<\/li>\n<li>Reduz a incrusta\u00e7\u00e3o de carbono, chumbo e cobre, inclusive em inox fosco, facilitando a limpeza.<\/li>\n<li>Biodegrad\u00e1vel. At\u00f3xico (atende NR-15). N\u00e3o insalubre.<\/li>\n<\/ul>\n<p>Embalagem: Aerossol de 440 mL.<\/p>\n<p>Agitar o tubo. Distanciar 15 cm do local de aspers\u00e3o em posi\u00e7\u00e3o vertical. Aplique o produto diretamente sobre a parte a proteger ou lubrificar. Pel\u00edcula oleosa pode ser usada como protetivo. Remover com pano seco e limpo (polimento) para proporcionar prote\u00e7\u00e3o seca de PTFE.<\/p>\n<p><strong style=\"line-height: 1.5;\">Especifica\u00e7\u00e3o T\u00e9cnica:<\/strong><\/p>\n<p>Classifica\u00e7\u00e3o do produto: Propelente Inflam\u00e1vel.<br \/>\nFabricante: CLARUS Technology do Brasil.<\/p>\n<p><strong style=\"line-height: 1.5;\">Envio:<\/strong><\/p>\n<p>Seu pedido ser\u00e1 enviado \u00e0 transportadora em at\u00e9 2 dias \u00fateis ap\u00f3s a confirma\u00e7\u00e3o do pagamento. O prazo de entrega poder\u00e1 variar dependendo da regi\u00e3o e forma de envio escolhida. Sujeito a disponibilidade do Fornecedor.<\/p>\n","protected":false},"excerpt":{"rendered":"<p>Protetivo seco para prote\u00e7\u00e3o contra poeira, \u00e1gua, oxida\u00e7\u00e3o e riscos e renova\u00e7\u00e3o do acabamento. Inodoro e At\u00f3xico. Embalagem: 440 ml.<\/p>\n","protected":false},"featured_media":11239,"comment_status":"closed","ping_status":"closed","template":"","meta":[],"product_cat":[24,97],"product_tag":[],"brands":[{"id":190,"name":"CLARUS Tactical","slug":"clarus-tactical"}],"yoast_head":"<!-- This site is optimized with the Yoast SEO plugin v17.1 - https:\/\/yoast.com\/wordpress\/plugins\/seo\/ -->\n<title>VegeLub PTFE Shield \u2013 CLARUS Tactical \u2013 Protetivo Anticorrosivo e Renovador de Acabamento \u2013 440ml &ndash; CLARUS Tactical - Loja Oficial<\/title>\n<meta name=\"robots\" content=\"index, follow, max-snippet:-1, max-image-preview:large, max-video-preview:-1\" \/>\n<link rel=\"canonical\" href=\"https:\/\/clarustactical.com\/loja\/produto\/vegelub-ptfe-shield-clarus-tactical-protetivo-anticorrosivo-e-renovador-de-acabamento-440ml\/\" \/>\n<meta property=\"og:locale\" content=\"pt_BR\" \/>\n<meta property=\"og:type\" content=\"article\" \/>\n<meta property=\"og:title\" content=\"VegeLub PTFE Shield \u2013 CLARUS Tactical \u2013 Protetivo Anticorrosivo e Renovador de Acabamento \u2013 440ml &ndash; CLARUS Tactical - Loja Oficial\" \/>\n<meta property=\"og:description\" content=\"Protetivo seco para prote\u00e7\u00e3o contra poeira, \u00e1gua, oxida\u00e7\u00e3o e riscos e renova\u00e7\u00e3o do acabamento. Inodoro e At\u00f3xico. Embalagem: 440 ml.\" \/>\n<meta property=\"og:url\" content=\"https:\/\/clarustactical.com\/loja\/produto\/vegelub-ptfe-shield-clarus-tactical-protetivo-anticorrosivo-e-renovador-de-acabamento-440ml\/\" \/>\n<meta property=\"og:site_name\" content=\"CLARUS Tactical - Loja Oficial\" \/>\n<meta property=\"article:modified_time\" content=\"2026-04-04T02:09:55+00:00\" \/>\n<meta property=\"og:image\" content=\"https:\/\/clarustactical.com\/loja\/wp-content\/uploads\/2025\/02\/vegelub-ptfe-shield-min.png\" \/>\n\t<meta property=\"og:image:width\" content=\"754\" \/>\n\t<meta property=\"og:image:height\" content=\"754\" \/>\n<meta name=\"twitter:card\" content=\"summary_large_image\" \/>\n<meta name=\"twitter:label1\" content=\"Est. reading time\" \/>\n\t<meta name=\"twitter:data1\" content=\"1 minuto\" \/>\n<script type=\"application\/ld+json\" class=\"yoast-schema-graph\">{\"@context\":\"https:\/\/schema.org\",\"@graph\":[{\"@type\":\"WebSite\",\"@id\":\"https:\/\/clarustactical.com\/loja\/#website\",\"url\":\"https:\/\/clarustactical.com\/loja\/\",\"name\":\"ProArmas by CLARUS Tactical\",\"description\":\"Produtos para Manuten\\u00e7\\u00e3o de Armas\",\"potentialAction\":[{\"@type\":\"SearchAction\",\"target\":{\"@type\":\"EntryPoint\",\"urlTemplate\":\"https:\/\/clarustactical.com\/loja\/?s={search_term_string}\"},\"query-input\":\"required name=search_term_string\"}],\"inLanguage\":\"pt-BR\"},{\"@type\":\"ImageObject\",\"@id\":\"https:\/\/clarustactical.com\/loja\/produto\/vegelub-ptfe-shield-clarus-tactical-protetivo-anticorrosivo-e-renovador-de-acabamento-440ml\/#primaryimage\",\"inLanguage\":\"pt-BR\",\"url\":\"https:\/\/clarustactical.com\/loja\/wp-content\/uploads\/2025\/02\/vegelub-ptfe-shield-min.png\",\"contentUrl\":\"https:\/\/clarustactical.com\/loja\/wp-content\/uploads\/2025\/02\/vegelub-ptfe-shield-min.png\",\"width\":754,\"height\":754},{\"@type\":\"WebPage\",\"@id\":\"https:\/\/clarustactical.com\/loja\/produto\/vegelub-ptfe-shield-clarus-tactical-protetivo-anticorrosivo-e-renovador-de-acabamento-440ml\/#webpage\",\"url\":\"https:\/\/clarustactical.com\/loja\/produto\/vegelub-ptfe-shield-clarus-tactical-protetivo-anticorrosivo-e-renovador-de-acabamento-440ml\/\",\"name\":\"VegeLub PTFE Shield \\u2013 CLARUS Tactical \\u2013 Protetivo Anticorrosivo e Renovador de Acabamento \\u2013 440ml &ndash; CLARUS Tactical - Loja Oficial\",\"isPartOf\":{\"@id\":\"https:\/\/clarustactical.com\/loja\/#website\"},\"primaryImageOfPage\":{\"@id\":\"https:\/\/clarustactical.com\/loja\/produto\/vegelub-ptfe-shield-clarus-tactical-protetivo-anticorrosivo-e-renovador-de-acabamento-440ml\/#primaryimage\"},\"datePublished\":\"2025-03-01T01:14:10+00:00\",\"dateModified\":\"2026-04-04T02:09:55+00:00\",\"breadcrumb\":{\"@id\":\"https:\/\/clarustactical.com\/loja\/produto\/vegelub-ptfe-shield-clarus-tactical-protetivo-anticorrosivo-e-renovador-de-acabamento-440ml\/#breadcrumb\"},\"inLanguage\":\"pt-BR\",\"potentialAction\":[{\"@type\":\"ReadAction\",\"target\":[\"https:\/\/clarustactical.com\/loja\/produto\/vegelub-ptfe-shield-clarus-tactical-protetivo-anticorrosivo-e-renovador-de-acabamento-440ml\/\"]}]},{\"@type\":\"BreadcrumbList\",\"@id\":\"https:\/\/clarustactical.com\/loja\/produto\/vegelub-ptfe-shield-clarus-tactical-protetivo-anticorrosivo-e-renovador-de-acabamento-440ml\/#breadcrumb\",\"itemListElement\":[{\"@type\":\"ListItem\",\"position\":1,\"name\":\"Home\",\"item\":\"https:\/\/clarustactical.com\/loja\/\"},{\"@type\":\"ListItem\",\"position\":2,\"name\":\"Shop\",\"item\":\"https:\/\/clarustactical.com\/loja\/shop\/\"},{\"@type\":\"ListItem\",\"position\":3,\"name\":\"VegeLub PTFE Shield \\u2013 CLARUS Tactical \\u2013 Protetivo Anticorrosivo e Renovador de Acabamento \\u2013 440ml\"}]}]}<\/script>\n<!-- \/ Yoast SEO plugin. -->","yoast_head_json":{"title":"VegeLub PTFE Shield \u2013 CLARUS Tactical \u2013 Protetivo Anticorrosivo e Renovador de Acabamento \u2013 440ml &ndash; CLARUS Tactical - Loja Oficial","robots":{"index":"index","follow":"follow","max-snippet":"max-snippet:-1","max-image-preview":"max-image-preview:large","max-video-preview":"max-video-preview:-1"},"canonical":"https:\/\/clarustactical.com\/loja\/produto\/vegelub-ptfe-shield-clarus-tactical-protetivo-anticorrosivo-e-renovador-de-acabamento-440ml\/","og_locale":"pt_BR","og_type":"article","og_title":"VegeLub PTFE Shield \u2013 CLARUS Tactical \u2013 Protetivo Anticorrosivo e Renovador de Acabamento \u2013 440ml &ndash; CLARUS Tactical - Loja Oficial","og_description":"Protetivo seco para prote\u00e7\u00e3o contra poeira, \u00e1gua, oxida\u00e7\u00e3o e riscos e renova\u00e7\u00e3o do acabamento. Inodoro e At\u00f3xico. Embalagem: 440 ml.","og_url":"https:\/\/clarustactical.com\/loja\/produto\/vegelub-ptfe-shield-clarus-tactical-protetivo-anticorrosivo-e-renovador-de-acabamento-440ml\/","og_site_name":"CLARUS Tactical - Loja Oficial","article_modified_time":"2026-04-04T02:09:55+00:00","og_image":[{"width":754,"height":754,"filesize":53624,"url":"https:\/\/clarustactical.com\/loja\/wp-content\/uploads\/2025\/02\/vegelub-ptfe-shield-min.png","path":"\/var\/www\/html\/w3-clarustactical\/loja\/wp-content\/uploads\/2025\/02\/vegelub-ptfe-shield-min.png","size":"full","id":11239,"alt":"","pixels":568516,"type":"image\/png"}],"twitter_card":"summary_large_image","twitter_misc":{"Est. reading time":"1 minuto"},"schema":{"@context":"https:\/\/schema.org","@graph":[{"@type":"WebSite","@id":"https:\/\/clarustactical.com\/loja\/#website","url":"https:\/\/clarustactical.com\/loja\/","name":"ProArmas by CLARUS Tactical","description":"Produtos para Manuten\u00e7\u00e3o de Armas","potentialAction":[{"@type":"SearchAction","target":{"@type":"EntryPoint","urlTemplate":"https:\/\/clarustactical.com\/loja\/?s={search_term_string}"},"query-input":"required name=search_term_string"}],"inLanguage":"pt-BR"},{"@type":"ImageObject","@id":"https:\/\/clarustactical.com\/loja\/produto\/vegelub-ptfe-shield-clarus-tactical-protetivo-anticorrosivo-e-renovador-de-acabamento-440ml\/#primaryimage","inLanguage":"pt-BR","url":"https:\/\/clarustactical.com\/loja\/wp-content\/uploads\/2025\/02\/vegelub-ptfe-shield-min.png","contentUrl":"https:\/\/clarustactical.com\/loja\/wp-content\/uploads\/2025\/02\/vegelub-ptfe-shield-min.png","width":754,"height":754},{"@type":"WebPage","@id":"https:\/\/clarustactical.com\/loja\/produto\/vegelub-ptfe-shield-clarus-tactical-protetivo-anticorrosivo-e-renovador-de-acabamento-440ml\/#webpage","url":"https:\/\/clarustactical.com\/loja\/produto\/vegelub-ptfe-shield-clarus-tactical-protetivo-anticorrosivo-e-renovador-de-acabamento-440ml\/","name":"VegeLub PTFE Shield \u2013 CLARUS Tactical \u2013 Protetivo Anticorrosivo e Renovador de Acabamento \u2013 440ml &ndash; CLARUS Tactical - Loja Oficial","isPartOf":{"@id":"https:\/\/clarustactical.com\/loja\/#website"},"primaryImageOfPage":{"@id":"https:\/\/clarustactical.com\/loja\/produto\/vegelub-ptfe-shield-clarus-tactical-protetivo-anticorrosivo-e-renovador-de-acabamento-440ml\/#primaryimage"},"datePublished":"2025-03-01T01:14:10+00:00","dateModified":"2026-04-04T02:09:55+00:00","breadcrumb":{"@id":"https:\/\/clarustactical.com\/loja\/produto\/vegelub-ptfe-shield-clarus-tactical-protetivo-anticorrosivo-e-renovador-de-acabamento-440ml\/#breadcrumb"},"inLanguage":"pt-BR","potentialAction":[{"@type":"ReadAction","target":["https:\/\/clarustactical.com\/loja\/produto\/vegelub-ptfe-shield-clarus-tactical-protetivo-anticorrosivo-e-renovador-de-acabamento-440ml\/"]}]},{"@type":"BreadcrumbList","@id":"https:\/\/clarustactical.com\/loja\/produto\/vegelub-ptfe-shield-clarus-tactical-protetivo-anticorrosivo-e-renovador-de-acabamento-440ml\/#breadcrumb","itemListElement":[{"@type":"ListItem","position":1,"name":"Home","item":"https:\/\/clarustactical.com\/loja\/"},{"@type":"ListItem","position":2,"name":"Shop","item":"https:\/\/clarustactical.com\/loja\/shop\/"},{"@type":"ListItem","position":3,"name":"VegeLub PTFE Shield \u2013 CLARUS Tactical \u2013 Protetivo Anticorrosivo e Renovador de Acabamento \u2013 440ml"}]}]}},"_links":{"self":[{"href":"https:\/\/clarustactical.com\/loja\/wp-json\/wp\/v2\/product\/11186"}],"collection":[{"href":"https:\/\/clarustactical.com\/loja\/wp-json\/wp\/v2\/product"}],"about":[{"href":"https:\/\/clarustactical.com\/loja\/wp-json\/wp\/v2\/types\/product"}],"replies":[{"embeddable":true,"href":"https:\/\/clarustactical.com\/loja\/wp-json\/wp\/v2\/comments?post=11186"}],"wp:featuredmedia":[{"embeddable":true,"href":"https:\/\/clarustactical.com\/loja\/wp-json\/wp\/v2\/media\/11239"}],"wp:attachment":[{"href":"https:\/\/clarustactical.com\/loja\/wp-json\/wp\/v2\/media?parent=11186"}],"wp:term":[{"taxonomy":"product_cat","embeddable":true,"href":"https:\/\/clarustactical.com\/loja\/wp-json\/wp\/v2\/product_cat?post=11186"},{"taxonomy":"product_tag","embeddable":true,"href":"https:\/\/clarustactical.com\/loja\/wp-json\/wp\/v2\/product_tag?post=11186"}],"curies":[{"name":"wp","href":"https:\/\/api.w.org\/{rel}","templated":true}]}}