{"id":11180,"date":"2025-02-28T22:13:46","date_gmt":"2025-03-01T01:13:46","guid":{"rendered":"https:\/\/clarustactical.com\/loja\/?post_type=product&#038;p=11180"},"modified":"2026-03-27T02:31:26","modified_gmt":"2026-03-27T05:31:26","slug":"brightmax-case-cleaner-limpador-de-estojos-de-municao-clarus-tactical-1kg","status":"publish","type":"product","link":"https:\/\/clarustactical.com\/loja\/produto\/brightmax-case-cleaner-limpador-de-estojos-de-municao-clarus-tactical-1kg\/","title":{"rendered":"BrightMax Case Cleaner \u2013 Limpador de estojos de Muni\u00e7\u00e3o \u2013 CLARUS Tactical \u2013 1Kg"},"content":{"rendered":"<p>BrightMax Case Cleaner \u2013 Limpa e d\u00e1 brilho antes da recarga (ideal para estojos de lat\u00e3o)<\/p>\n<p>Remove oxida\u00e7\u00e3o, manchas e incrusta\u00e7\u00e3o de carbono<\/p>\n<p>Compat\u00edvel com tamboreadores e equipamentos de ultrassom<\/p>\n<p>Acelera o processo: apenas 15 minutos de tamboreamento.<\/p>\n<p>Econ\u00f4mico: apenas 1 tampa de produto para cada litro de \u00e1gua.<\/p>\n<p><strong>Caracter\u00edsticas:<\/strong><\/p>\n<ul>\n<li>Compat\u00edvel com tamboreadores e equipamentos de ultrassom;<\/li>\n<li>Efeito abrilhantador;<\/li>\n<li>N\u00e3o gera espuma durante a limpeza;<\/li>\n<li>Biodegrad\u00e1vel, pr\u00e1tico e f\u00e1cil de usar.<\/li>\n<li>Sol\u00favel em \u00e1gua.<\/li>\n<li>Econ\u00f4mico;<\/li>\n<li>Biodegrad\u00e1vel;<\/li>\n<li>N\u00e3o inflam\u00e1vel (atende NR-16 e 20);<\/li>\n<\/ul>\n<p>&nbsp;<\/p>\n<p><strong>Envio:<\/strong><\/p>\n<p>Seu pedido ser\u00e1 enviado \u00e0 transportadora em at\u00e9 2 dias \u00fateis ap\u00f3s a confirma\u00e7\u00e3o do pagamento. O prazo de entrega poder\u00e1 variar dependendo da regi\u00e3o e forma de envio escolhida. Sujeito a disponibilidade do Fornecedor.<\/p>\n","protected":false},"excerpt":{"rendered":"<p>Limpador de estojos de Muni\u00e7\u00e3o. 1Kg<\/p>\n","protected":false},"featured_media":11234,"comment_status":"closed","ping_status":"closed","template":"","meta":[],"product_cat":[138,24],"product_tag":[],"brands":[{"id":190,"name":"CLARUS Tactical","slug":"clarus-tactical"}],"yoast_head":"<!-- This site is optimized with the Yoast SEO plugin v17.1 - https:\/\/yoast.com\/wordpress\/plugins\/seo\/ -->\n<title>BrightMax Case Cleaner \u2013 Limpador de estojos de Muni\u00e7\u00e3o \u2013 CLARUS Tactical \u2013 1Kg &ndash; CLARUS Tactical - Loja Oficial<\/title>\n<meta name=\"robots\" content=\"index, follow, max-snippet:-1, max-image-preview:large, max-video-preview:-1\" \/>\n<link rel=\"canonical\" href=\"https:\/\/clarustactical.com\/loja\/produto\/brightmax-case-cleaner-limpador-de-estojos-de-municao-clarus-tactical-1kg\/\" \/>\n<meta property=\"og:locale\" content=\"pt_BR\" \/>\n<meta property=\"og:type\" content=\"article\" \/>\n<meta property=\"og:title\" content=\"BrightMax Case Cleaner \u2013 Limpador de estojos de Muni\u00e7\u00e3o \u2013 CLARUS Tactical \u2013 1Kg &ndash; CLARUS Tactical - Loja Oficial\" \/>\n<meta property=\"og:description\" content=\"Limpador de estojos de Muni\u00e7\u00e3o. 1Kg\" \/>\n<meta property=\"og:url\" content=\"https:\/\/clarustactical.com\/loja\/produto\/brightmax-case-cleaner-limpador-de-estojos-de-municao-clarus-tactical-1kg\/\" \/>\n<meta property=\"og:site_name\" content=\"CLARUS Tactical - Loja Oficial\" \/>\n<meta property=\"article:modified_time\" content=\"2026-03-27T05:31:26+00:00\" \/>\n<meta property=\"og:image\" content=\"https:\/\/clarustactical.com\/loja\/wp-content\/uploads\/2025\/02\/brightmax-case-cleaner-min-1.png\" \/>\n\t<meta property=\"og:image:width\" content=\"754\" \/>\n\t<meta property=\"og:image:height\" content=\"754\" \/>\n<meta name=\"twitter:card\" content=\"summary_large_image\" \/>\n<meta name=\"twitter:label1\" content=\"Est. reading time\" \/>\n\t<meta name=\"twitter:data1\" content=\"1 minuto\" \/>\n<script type=\"application\/ld+json\" class=\"yoast-schema-graph\">{\"@context\":\"https:\/\/schema.org\",\"@graph\":[{\"@type\":\"WebSite\",\"@id\":\"https:\/\/clarustactical.com\/loja\/#website\",\"url\":\"https:\/\/clarustactical.com\/loja\/\",\"name\":\"ProArmas by CLARUS Tactical\",\"description\":\"Produtos para Manuten\\u00e7\\u00e3o de Armas\",\"potentialAction\":[{\"@type\":\"SearchAction\",\"target\":{\"@type\":\"EntryPoint\",\"urlTemplate\":\"https:\/\/clarustactical.com\/loja\/?s={search_term_string}\"},\"query-input\":\"required name=search_term_string\"}],\"inLanguage\":\"pt-BR\"},{\"@type\":\"ImageObject\",\"@id\":\"https:\/\/clarustactical.com\/loja\/produto\/brightmax-case-cleaner-limpador-de-estojos-de-municao-clarus-tactical-1kg\/#primaryimage\",\"inLanguage\":\"pt-BR\",\"url\":\"https:\/\/clarustactical.com\/loja\/wp-content\/uploads\/2025\/02\/brightmax-case-cleaner-min-1.png\",\"contentUrl\":\"https:\/\/clarustactical.com\/loja\/wp-content\/uploads\/2025\/02\/brightmax-case-cleaner-min-1.png\",\"width\":754,\"height\":754},{\"@type\":\"WebPage\",\"@id\":\"https:\/\/clarustactical.com\/loja\/produto\/brightmax-case-cleaner-limpador-de-estojos-de-municao-clarus-tactical-1kg\/#webpage\",\"url\":\"https:\/\/clarustactical.com\/loja\/produto\/brightmax-case-cleaner-limpador-de-estojos-de-municao-clarus-tactical-1kg\/\",\"name\":\"BrightMax Case Cleaner \\u2013 Limpador de estojos de Muni\\u00e7\\u00e3o \\u2013 CLARUS Tactical \\u2013 1Kg &ndash; CLARUS Tactical - Loja Oficial\",\"isPartOf\":{\"@id\":\"https:\/\/clarustactical.com\/loja\/#website\"},\"primaryImageOfPage\":{\"@id\":\"https:\/\/clarustactical.com\/loja\/produto\/brightmax-case-cleaner-limpador-de-estojos-de-municao-clarus-tactical-1kg\/#primaryimage\"},\"datePublished\":\"2025-03-01T01:13:46+00:00\",\"dateModified\":\"2026-03-27T05:31:26+00:00\",\"breadcrumb\":{\"@id\":\"https:\/\/clarustactical.com\/loja\/produto\/brightmax-case-cleaner-limpador-de-estojos-de-municao-clarus-tactical-1kg\/#breadcrumb\"},\"inLanguage\":\"pt-BR\",\"potentialAction\":[{\"@type\":\"ReadAction\",\"target\":[\"https:\/\/clarustactical.com\/loja\/produto\/brightmax-case-cleaner-limpador-de-estojos-de-municao-clarus-tactical-1kg\/\"]}]},{\"@type\":\"BreadcrumbList\",\"@id\":\"https:\/\/clarustactical.com\/loja\/produto\/brightmax-case-cleaner-limpador-de-estojos-de-municao-clarus-tactical-1kg\/#breadcrumb\",\"itemListElement\":[{\"@type\":\"ListItem\",\"position\":1,\"name\":\"Home\",\"item\":\"https:\/\/clarustactical.com\/loja\/\"},{\"@type\":\"ListItem\",\"position\":2,\"name\":\"Shop\",\"item\":\"https:\/\/clarustactical.com\/loja\/shop\/\"},{\"@type\":\"ListItem\",\"position\":3,\"name\":\"BrightMax Case Cleaner \\u2013 Limpador de estojos de Muni\\u00e7\\u00e3o \\u2013 CLARUS Tactical \\u2013 1Kg\"}]}]}<\/script>\n<!-- \/ Yoast SEO plugin. -->","yoast_head_json":{"title":"BrightMax Case Cleaner \u2013 Limpador de estojos de Muni\u00e7\u00e3o \u2013 CLARUS Tactical \u2013 1Kg &ndash; CLARUS Tactical - Loja Oficial","robots":{"index":"index","follow":"follow","max-snippet":"max-snippet:-1","max-image-preview":"max-image-preview:large","max-video-preview":"max-video-preview:-1"},"canonical":"https:\/\/clarustactical.com\/loja\/produto\/brightmax-case-cleaner-limpador-de-estojos-de-municao-clarus-tactical-1kg\/","og_locale":"pt_BR","og_type":"article","og_title":"BrightMax Case Cleaner \u2013 Limpador de estojos de Muni\u00e7\u00e3o \u2013 CLARUS Tactical \u2013 1Kg &ndash; CLARUS Tactical - Loja Oficial","og_description":"Limpador de estojos de Muni\u00e7\u00e3o. 1Kg","og_url":"https:\/\/clarustactical.com\/loja\/produto\/brightmax-case-cleaner-limpador-de-estojos-de-municao-clarus-tactical-1kg\/","og_site_name":"CLARUS Tactical - Loja Oficial","article_modified_time":"2026-03-27T05:31:26+00:00","og_image":[{"width":754,"height":754,"filesize":77737,"url":"https:\/\/clarustactical.com\/loja\/wp-content\/uploads\/2025\/02\/brightmax-case-cleaner-min-1.png","path":"\/var\/www\/html\/w3-clarustactical\/loja\/wp-content\/uploads\/2025\/02\/brightmax-case-cleaner-min-1.png","size":"full","id":11234,"alt":"","pixels":568516,"type":"image\/png"}],"twitter_card":"summary_large_image","twitter_misc":{"Est. reading time":"1 minuto"},"schema":{"@context":"https:\/\/schema.org","@graph":[{"@type":"WebSite","@id":"https:\/\/clarustactical.com\/loja\/#website","url":"https:\/\/clarustactical.com\/loja\/","name":"ProArmas by CLARUS Tactical","description":"Produtos para Manuten\u00e7\u00e3o de Armas","potentialAction":[{"@type":"SearchAction","target":{"@type":"EntryPoint","urlTemplate":"https:\/\/clarustactical.com\/loja\/?s={search_term_string}"},"query-input":"required name=search_term_string"}],"inLanguage":"pt-BR"},{"@type":"ImageObject","@id":"https:\/\/clarustactical.com\/loja\/produto\/brightmax-case-cleaner-limpador-de-estojos-de-municao-clarus-tactical-1kg\/#primaryimage","inLanguage":"pt-BR","url":"https:\/\/clarustactical.com\/loja\/wp-content\/uploads\/2025\/02\/brightmax-case-cleaner-min-1.png","contentUrl":"https:\/\/clarustactical.com\/loja\/wp-content\/uploads\/2025\/02\/brightmax-case-cleaner-min-1.png","width":754,"height":754},{"@type":"WebPage","@id":"https:\/\/clarustactical.com\/loja\/produto\/brightmax-case-cleaner-limpador-de-estojos-de-municao-clarus-tactical-1kg\/#webpage","url":"https:\/\/clarustactical.com\/loja\/produto\/brightmax-case-cleaner-limpador-de-estojos-de-municao-clarus-tactical-1kg\/","name":"BrightMax Case Cleaner \u2013 Limpador de estojos de Muni\u00e7\u00e3o \u2013 CLARUS Tactical \u2013 1Kg &ndash; CLARUS Tactical - Loja Oficial","isPartOf":{"@id":"https:\/\/clarustactical.com\/loja\/#website"},"primaryImageOfPage":{"@id":"https:\/\/clarustactical.com\/loja\/produto\/brightmax-case-cleaner-limpador-de-estojos-de-municao-clarus-tactical-1kg\/#primaryimage"},"datePublished":"2025-03-01T01:13:46+00:00","dateModified":"2026-03-27T05:31:26+00:00","breadcrumb":{"@id":"https:\/\/clarustactical.com\/loja\/produto\/brightmax-case-cleaner-limpador-de-estojos-de-municao-clarus-tactical-1kg\/#breadcrumb"},"inLanguage":"pt-BR","potentialAction":[{"@type":"ReadAction","target":["https:\/\/clarustactical.com\/loja\/produto\/brightmax-case-cleaner-limpador-de-estojos-de-municao-clarus-tactical-1kg\/"]}]},{"@type":"BreadcrumbList","@id":"https:\/\/clarustactical.com\/loja\/produto\/brightmax-case-cleaner-limpador-de-estojos-de-municao-clarus-tactical-1kg\/#breadcrumb","itemListElement":[{"@type":"ListItem","position":1,"name":"Home","item":"https:\/\/clarustactical.com\/loja\/"},{"@type":"ListItem","position":2,"name":"Shop","item":"https:\/\/clarustactical.com\/loja\/shop\/"},{"@type":"ListItem","position":3,"name":"BrightMax Case Cleaner \u2013 Limpador de estojos de Muni\u00e7\u00e3o \u2013 CLARUS Tactical \u2013 1Kg"}]}]}},"_links":{"self":[{"href":"https:\/\/clarustactical.com\/loja\/wp-json\/wp\/v2\/product\/11180"}],"collection":[{"href":"https:\/\/clarustactical.com\/loja\/wp-json\/wp\/v2\/product"}],"about":[{"href":"https:\/\/clarustactical.com\/loja\/wp-json\/wp\/v2\/types\/product"}],"replies":[{"embeddable":true,"href":"https:\/\/clarustactical.com\/loja\/wp-json\/wp\/v2\/comments?post=11180"}],"wp:featuredmedia":[{"embeddable":true,"href":"https:\/\/clarustactical.com\/loja\/wp-json\/wp\/v2\/media\/11234"}],"wp:attachment":[{"href":"https:\/\/clarustactical.com\/loja\/wp-json\/wp\/v2\/media?parent=11180"}],"wp:term":[{"taxonomy":"product_cat","embeddable":true,"href":"https:\/\/clarustactical.com\/loja\/wp-json\/wp\/v2\/product_cat?post=11180"},{"taxonomy":"product_tag","embeddable":true,"href":"https:\/\/clarustactical.com\/loja\/wp-json\/wp\/v2\/product_tag?post=11180"}],"curies":[{"name":"wp","href":"https:\/\/api.w.org\/{rel}","templated":true}]}}