{"id":11174,"date":"2025-02-28T22:13:20","date_gmt":"2025-03-01T01:13:20","guid":{"rendered":"https:\/\/clarustactical.com\/loja\/?post_type=product&#038;p=11174"},"modified":"2026-04-03T11:54:10","modified_gmt":"2026-04-03T14:54:10","slug":"ecocleaning-fast-limpador-secativo-para-armas-clarus-tactical-440ml","status":"publish","type":"product","link":"https:\/\/clarustactical.com\/loja\/produto\/ecocleaning-fast-limpador-secativo-para-armas-clarus-tactical-440ml\/","title":{"rendered":"EcoCleaning Fast \u2013 Limpador Secativo para Armas \u2013 CLARUS Tactical \u2013 440ml"},"content":{"rendered":"<p>CLARUS Tactical EcoCleaning Fast &#8211; Limpador secativo de a\u00e7\u00e3o r\u00e1pida para armas. Embalagem: Aerossol 440ml.<\/p>\n<p><strong>Informa\u00e7\u00f5es sobre o produto:<\/strong><\/p>\n<ul>\n<li>Limpa instantaneamente e com precis\u00e3o todas as partes da arma.<\/li>\n<li>Evapora rapidamente, sem deixar res\u00edduos.<\/li>\n<li>Melhora o desempenho da arma, removendo res\u00edduos que podem causar emperramento.<\/li>\n<li>F\u00e1cil aplica\u00e7\u00e3o.<\/li>\n<li>Odor suave<\/li>\n<li>Vol\u00e1til e secativo<\/li>\n<li>Compat\u00edvel com pl\u00e1sticos, madeira, laminados, comp\u00f3sitos e empunhaduras em geral*.<\/li>\n<li>Ideal para todos os tipos de armas.<\/li>\n<li>Seguro para partes de pol\u00edmeros em geral<\/li>\n<\/ul>\n<p>&nbsp;<\/p>\n<p><strong>Embalagem:<\/strong> Aerossol 440ml. Produto inflam\u00e1vel.<\/p>\n<p>Agitar o tubo. Distanciar 15 cm do local de aspers\u00e3o em posi\u00e7\u00e3o vertical.<br \/>\nAplique o produto diretamente sobre o sistema a limpar.<\/p>\n<p><strong>Especifica\u00e7\u00e3o T\u00e9cnica:<\/strong><\/p>\n<p>Fabricante: CLARUS Technology do Brasil.<\/p>\n","protected":false},"excerpt":{"rendered":"<p>Limpador secativo de a\u00e7\u00e3o r\u00e1pida para armas. Embalagem: Aerossol 440ml.<\/p>\n","protected":false},"featured_media":11237,"comment_status":"closed","ping_status":"closed","template":"","meta":[],"product_cat":[136,24],"product_tag":[],"brands":[{"id":190,"name":"CLARUS Tactical","slug":"clarus-tactical"}],"yoast_head":"<!-- This site is optimized with the Yoast SEO plugin v17.1 - https:\/\/yoast.com\/wordpress\/plugins\/seo\/ -->\n<title>EcoCleaning Fast \u2013 Limpador Secativo para Armas \u2013 CLARUS Tactical \u2013 440ml &ndash; CLARUS Tactical - Loja Oficial<\/title>\n<meta name=\"robots\" content=\"index, follow, max-snippet:-1, max-image-preview:large, max-video-preview:-1\" \/>\n<link rel=\"canonical\" href=\"https:\/\/clarustactical.com\/loja\/produto\/ecocleaning-fast-limpador-secativo-para-armas-clarus-tactical-440ml\/\" \/>\n<meta property=\"og:locale\" content=\"pt_BR\" \/>\n<meta property=\"og:type\" content=\"article\" \/>\n<meta property=\"og:title\" content=\"EcoCleaning Fast \u2013 Limpador Secativo para Armas \u2013 CLARUS Tactical \u2013 440ml &ndash; CLARUS Tactical - Loja Oficial\" \/>\n<meta property=\"og:description\" content=\"Limpador secativo de a\u00e7\u00e3o r\u00e1pida para armas. Embalagem: Aerossol 440ml.\" \/>\n<meta property=\"og:url\" content=\"https:\/\/clarustactical.com\/loja\/produto\/ecocleaning-fast-limpador-secativo-para-armas-clarus-tactical-440ml\/\" \/>\n<meta property=\"og:site_name\" content=\"CLARUS Tactical - Loja Oficial\" \/>\n<meta property=\"article:modified_time\" content=\"2026-04-03T14:54:10+00:00\" \/>\n<meta property=\"og:image\" content=\"https:\/\/clarustactical.com\/loja\/wp-content\/uploads\/2025\/02\/ecocleaning-fast-min.png\" \/>\n\t<meta property=\"og:image:width\" content=\"754\" \/>\n\t<meta property=\"og:image:height\" content=\"754\" \/>\n<meta name=\"twitter:card\" content=\"summary_large_image\" \/>\n<meta name=\"twitter:label1\" content=\"Est. reading time\" \/>\n\t<meta name=\"twitter:data1\" content=\"1 minuto\" \/>\n<script type=\"application\/ld+json\" class=\"yoast-schema-graph\">{\"@context\":\"https:\/\/schema.org\",\"@graph\":[{\"@type\":\"WebSite\",\"@id\":\"https:\/\/clarustactical.com\/loja\/#website\",\"url\":\"https:\/\/clarustactical.com\/loja\/\",\"name\":\"ProArmas by CLARUS Tactical\",\"description\":\"Produtos para Manuten\\u00e7\\u00e3o de Armas\",\"potentialAction\":[{\"@type\":\"SearchAction\",\"target\":{\"@type\":\"EntryPoint\",\"urlTemplate\":\"https:\/\/clarustactical.com\/loja\/?s={search_term_string}\"},\"query-input\":\"required name=search_term_string\"}],\"inLanguage\":\"pt-BR\"},{\"@type\":\"ImageObject\",\"@id\":\"https:\/\/clarustactical.com\/loja\/produto\/ecocleaning-fast-limpador-secativo-para-armas-clarus-tactical-440ml\/#primaryimage\",\"inLanguage\":\"pt-BR\",\"url\":\"https:\/\/clarustactical.com\/loja\/wp-content\/uploads\/2025\/02\/ecocleaning-fast-min.png\",\"contentUrl\":\"https:\/\/clarustactical.com\/loja\/wp-content\/uploads\/2025\/02\/ecocleaning-fast-min.png\",\"width\":754,\"height\":754},{\"@type\":\"WebPage\",\"@id\":\"https:\/\/clarustactical.com\/loja\/produto\/ecocleaning-fast-limpador-secativo-para-armas-clarus-tactical-440ml\/#webpage\",\"url\":\"https:\/\/clarustactical.com\/loja\/produto\/ecocleaning-fast-limpador-secativo-para-armas-clarus-tactical-440ml\/\",\"name\":\"EcoCleaning Fast \\u2013 Limpador Secativo para Armas \\u2013 CLARUS Tactical \\u2013 440ml &ndash; CLARUS Tactical - Loja Oficial\",\"isPartOf\":{\"@id\":\"https:\/\/clarustactical.com\/loja\/#website\"},\"primaryImageOfPage\":{\"@id\":\"https:\/\/clarustactical.com\/loja\/produto\/ecocleaning-fast-limpador-secativo-para-armas-clarus-tactical-440ml\/#primaryimage\"},\"datePublished\":\"2025-03-01T01:13:20+00:00\",\"dateModified\":\"2026-04-03T14:54:10+00:00\",\"breadcrumb\":{\"@id\":\"https:\/\/clarustactical.com\/loja\/produto\/ecocleaning-fast-limpador-secativo-para-armas-clarus-tactical-440ml\/#breadcrumb\"},\"inLanguage\":\"pt-BR\",\"potentialAction\":[{\"@type\":\"ReadAction\",\"target\":[\"https:\/\/clarustactical.com\/loja\/produto\/ecocleaning-fast-limpador-secativo-para-armas-clarus-tactical-440ml\/\"]}]},{\"@type\":\"BreadcrumbList\",\"@id\":\"https:\/\/clarustactical.com\/loja\/produto\/ecocleaning-fast-limpador-secativo-para-armas-clarus-tactical-440ml\/#breadcrumb\",\"itemListElement\":[{\"@type\":\"ListItem\",\"position\":1,\"name\":\"Home\",\"item\":\"https:\/\/clarustactical.com\/loja\/\"},{\"@type\":\"ListItem\",\"position\":2,\"name\":\"Shop\",\"item\":\"https:\/\/clarustactical.com\/loja\/shop\/\"},{\"@type\":\"ListItem\",\"position\":3,\"name\":\"EcoCleaning Fast \\u2013 Limpador Secativo para Armas \\u2013 CLARUS Tactical \\u2013 440ml\"}]}]}<\/script>\n<!-- \/ Yoast SEO plugin. -->","yoast_head_json":{"title":"EcoCleaning Fast \u2013 Limpador Secativo para Armas \u2013 CLARUS Tactical \u2013 440ml &ndash; CLARUS Tactical - Loja Oficial","robots":{"index":"index","follow":"follow","max-snippet":"max-snippet:-1","max-image-preview":"max-image-preview:large","max-video-preview":"max-video-preview:-1"},"canonical":"https:\/\/clarustactical.com\/loja\/produto\/ecocleaning-fast-limpador-secativo-para-armas-clarus-tactical-440ml\/","og_locale":"pt_BR","og_type":"article","og_title":"EcoCleaning Fast \u2013 Limpador Secativo para Armas \u2013 CLARUS Tactical \u2013 440ml &ndash; CLARUS Tactical - Loja Oficial","og_description":"Limpador secativo de a\u00e7\u00e3o r\u00e1pida para armas. Embalagem: Aerossol 440ml.","og_url":"https:\/\/clarustactical.com\/loja\/produto\/ecocleaning-fast-limpador-secativo-para-armas-clarus-tactical-440ml\/","og_site_name":"CLARUS Tactical - Loja Oficial","article_modified_time":"2026-04-03T14:54:10+00:00","og_image":[{"width":754,"height":754,"filesize":48596,"url":"https:\/\/clarustactical.com\/loja\/wp-content\/uploads\/2025\/02\/ecocleaning-fast-min.png","path":"\/var\/www\/html\/w3-clarustactical\/loja\/wp-content\/uploads\/2025\/02\/ecocleaning-fast-min.png","size":"full","id":11237,"alt":"","pixels":568516,"type":"image\/png"}],"twitter_card":"summary_large_image","twitter_misc":{"Est. reading time":"1 minuto"},"schema":{"@context":"https:\/\/schema.org","@graph":[{"@type":"WebSite","@id":"https:\/\/clarustactical.com\/loja\/#website","url":"https:\/\/clarustactical.com\/loja\/","name":"ProArmas by CLARUS Tactical","description":"Produtos para Manuten\u00e7\u00e3o de Armas","potentialAction":[{"@type":"SearchAction","target":{"@type":"EntryPoint","urlTemplate":"https:\/\/clarustactical.com\/loja\/?s={search_term_string}"},"query-input":"required name=search_term_string"}],"inLanguage":"pt-BR"},{"@type":"ImageObject","@id":"https:\/\/clarustactical.com\/loja\/produto\/ecocleaning-fast-limpador-secativo-para-armas-clarus-tactical-440ml\/#primaryimage","inLanguage":"pt-BR","url":"https:\/\/clarustactical.com\/loja\/wp-content\/uploads\/2025\/02\/ecocleaning-fast-min.png","contentUrl":"https:\/\/clarustactical.com\/loja\/wp-content\/uploads\/2025\/02\/ecocleaning-fast-min.png","width":754,"height":754},{"@type":"WebPage","@id":"https:\/\/clarustactical.com\/loja\/produto\/ecocleaning-fast-limpador-secativo-para-armas-clarus-tactical-440ml\/#webpage","url":"https:\/\/clarustactical.com\/loja\/produto\/ecocleaning-fast-limpador-secativo-para-armas-clarus-tactical-440ml\/","name":"EcoCleaning Fast \u2013 Limpador Secativo para Armas \u2013 CLARUS Tactical \u2013 440ml &ndash; CLARUS Tactical - Loja Oficial","isPartOf":{"@id":"https:\/\/clarustactical.com\/loja\/#website"},"primaryImageOfPage":{"@id":"https:\/\/clarustactical.com\/loja\/produto\/ecocleaning-fast-limpador-secativo-para-armas-clarus-tactical-440ml\/#primaryimage"},"datePublished":"2025-03-01T01:13:20+00:00","dateModified":"2026-04-03T14:54:10+00:00","breadcrumb":{"@id":"https:\/\/clarustactical.com\/loja\/produto\/ecocleaning-fast-limpador-secativo-para-armas-clarus-tactical-440ml\/#breadcrumb"},"inLanguage":"pt-BR","potentialAction":[{"@type":"ReadAction","target":["https:\/\/clarustactical.com\/loja\/produto\/ecocleaning-fast-limpador-secativo-para-armas-clarus-tactical-440ml\/"]}]},{"@type":"BreadcrumbList","@id":"https:\/\/clarustactical.com\/loja\/produto\/ecocleaning-fast-limpador-secativo-para-armas-clarus-tactical-440ml\/#breadcrumb","itemListElement":[{"@type":"ListItem","position":1,"name":"Home","item":"https:\/\/clarustactical.com\/loja\/"},{"@type":"ListItem","position":2,"name":"Shop","item":"https:\/\/clarustactical.com\/loja\/shop\/"},{"@type":"ListItem","position":3,"name":"EcoCleaning Fast \u2013 Limpador Secativo para Armas \u2013 CLARUS Tactical \u2013 440ml"}]}]}},"_links":{"self":[{"href":"https:\/\/clarustactical.com\/loja\/wp-json\/wp\/v2\/product\/11174"}],"collection":[{"href":"https:\/\/clarustactical.com\/loja\/wp-json\/wp\/v2\/product"}],"about":[{"href":"https:\/\/clarustactical.com\/loja\/wp-json\/wp\/v2\/types\/product"}],"replies":[{"embeddable":true,"href":"https:\/\/clarustactical.com\/loja\/wp-json\/wp\/v2\/comments?post=11174"}],"wp:featuredmedia":[{"embeddable":true,"href":"https:\/\/clarustactical.com\/loja\/wp-json\/wp\/v2\/media\/11237"}],"wp:attachment":[{"href":"https:\/\/clarustactical.com\/loja\/wp-json\/wp\/v2\/media?parent=11174"}],"wp:term":[{"taxonomy":"product_cat","embeddable":true,"href":"https:\/\/clarustactical.com\/loja\/wp-json\/wp\/v2\/product_cat?post=11174"},{"taxonomy":"product_tag","embeddable":true,"href":"https:\/\/clarustactical.com\/loja\/wp-json\/wp\/v2\/product_tag?post=11174"}],"curies":[{"name":"wp","href":"https:\/\/api.w.org\/{rel}","templated":true}]}}