{"id":3,"date":"2021-07-21T09:08:53","date_gmt":"2021-07-21T12:08:53","guid":{"rendered":"https:\/\/homologacao.clarustactical.com.br\/wordpress\/?page_id=3"},"modified":"2021-11-05T09:54:19","modified_gmt":"2021-11-05T12:54:19","slug":"politica-de-privacidade","status":"publish","type":"page","link":"https:\/\/clarustactical.com\/loja\/politica-de-privacidade\/","title":{"rendered":"Pol\u00edtica de privacidade"},"content":{"rendered":"\n<h1 class=\"privacy-policy-h1\">Pol\u00edtica de privacidade<\/h1>\r\n<h5 class=\"privacy-policy-h1\">Atualizado em 05 de julho de 2021 <br \/>Data Efetiva 05-Jul-2021<\/h5>\r\n<p class=\"privacy-policy-p\">Esta Pol\u00edtica de Privacidade descreve as pol\u00edticas de CLARUS Technology do Brasil Ltda. (CLARUS Tactical), Via Anhanguera, KM123, SP 13475000, Brasil, email: web@brclarus.com, telefone: +55 19 34659000 na cole\u00e7\u00e3o, uso e divulga\u00e7\u00e3o de suas informa\u00e7\u00f5es que coletamos quando voc\u00ea usa nosso site (https:\/\/clarustactical.com\/loja) (o &#8220;servi\u00e7o&#8221;). Acessando ou usando a Servi\u00e7o, voc\u00ea est\u00e1 consentindo com a coleta, uso e divulga\u00e7\u00e3o de suas informa\u00e7\u00f5es de acordo com este Pol\u00edtica de Privacidade. Se voc\u00ea n\u00e3o consentir com o mesmo, por favor, n\u00e3o acesse ou use o Servi\u00e7o.<\/p>\r\n<p class=\"privacy-policy-p\">Podemos modificar esta Pol\u00edtica de Privacidade a qualquer momento, sem qualquer aviso pr\u00e9vio e publicaremos a Pol\u00edtica de privacidade revisada no servi\u00e7o. A pol\u00edtica revisada ir\u00e1 entrar em vigor 180 dias a partir de quando o Pol\u00edtica revisada for publicada no Servi\u00e7o e seu acesso ou uso continuado do Servi\u00e7o ap\u00f3s esse per\u00edodo constituir\u00e1 sua aceita\u00e7\u00e3o da Pol\u00edtica de privacidade revisada. Portanto, recomendamos que voc\u00ea periodicamente reveja esta p\u00e1gina.<\/p>\r\n<ol class=\"privacy-policy-ol\">\r\n<li>\r\n<h2 class=\"privacy-policy-h2\">Informa\u00e7\u00f5es que coletamos:<\/h2>\r\n<p class=\"privacy-policy-p\">Vamos coletar e processar o seguinte informa\u00e7\u00f5es pessoais sobre voc\u00ea:<\/p>\r\n<ol class=\"privacy-policy-ol\">\r\n<li>Nome<\/li>\r\n<li>Email<\/li>\r\n<li>Celular \/ Telefone<\/li>\r\n<li>Data de nascimento<\/li>\r\n<li>Endere\u00e7o<\/li>\r\n<li>Informa\u00e7\u00f5es de pagamento<\/li>\r\n<\/ol>\r\n<\/li>\r\n<li>\r\n<h2 class=\"privacy-policy-h2\">Como coletamos suas informa\u00e7\u00f5es:<\/h2>\r\n<p class=\"privacy-policy-p\">Coletamos \/ recebemos informa\u00e7\u00f5es sobre voc\u00ea no seguinte maneira:<\/p>\r\n<ol class=\"privacy-policy-ol\">\r\n<li>Quando um usu\u00e1rio preenche o formul\u00e1rio de registro ou envia informa\u00e7\u00f5es pessoais de outra forma<\/li>\r\n<li>Interage com o site<\/li>\r\n<\/ol>\r\n<\/li>\r\n<li>\r\n<h2 class=\"privacy-policy-h2\">Como usamos suas informa\u00e7\u00f5es:<\/h2>\r\n<p class=\"privacy-policy-p\">Usaremos as informa\u00e7\u00f5es que coletamos sobre voc\u00ea para os seguintes fins:<\/p>\r\n<ol class=\"privacy-policy-ol\">\r\n<li>Cria\u00e7\u00e3o de conta de usu\u00e1rio<\/li>\r\n<li>Processando pagamento<\/li>\r\n<li>Suporte<\/li>\r\n<\/ol>\r\n<p class=\"privacy-policy-p\">Se quisermos usar suas informa\u00e7\u00f5es para qualquer outro prop\u00f3sito, vamos pedir seu consentimento e utilzaremos suas informa\u00e7\u00f5es apenas ao receber seu consentimento e, ent\u00e3o, apenas para o (s) prop\u00f3sito (s) para que concedem consentimento, a menos que sejamos obrigados a fazer caso contr\u00e1rio, por lei.<\/p>\r\n<\/li>\r\n<li>\r\n<h2 class=\"privacy-policy-h2\">Como compartilhamos suas informa\u00e7\u00f5es:<\/h2>\r\n<p class=\"privacy-policy-p\">N\u00e3o iremos transferir suas informa\u00e7\u00f5es pessoais a terceiros sem o seu consentimento, exceto em circunst\u00e2ncias limitadas, conforme descrito abaixo de:<\/p>\r\n<ol class=\"privacy-policy-ol\">\r\n<li>Analytics<\/li>\r\n<\/ol>\r\n<p class=\"privacy-policy-p\">Exigimos que tais terceiros usem o informa\u00e7\u00f5es pessoais que transferimos apenas para eles para o prop\u00f3sito para o qual foi transferido e n\u00e3o ret\u00ea-lo por mais tempo do que o necess\u00e1rio para cumprindo o referido prop\u00f3sito.<\/p>\r\n<p class=\"privacy-policy-p\">Tamb\u00e9m podemos divulgar suas informa\u00e7\u00f5es pessoais para o seguinte: (1) para cumprir com os lei, regulamento, ordem judicial ou outra lei processar; (2) para fazer cumprir seus acordos conosco, incluindo esta Pol\u00edtica de Privacidade; ou (3) para responder a reivindica\u00e7\u00f5es de que seu uso do Servi\u00e7o viola quaisquer direitos de terceiros. Se o servi\u00e7o ou nosso empresa \u00e9 fundida ou adquirida com outra empresa, suas informa\u00e7\u00f5es ser\u00e3o uma das ativos que s\u00e3o transferidos para o novo propriet\u00e1rio.<\/p>\r\n<\/li>\r\n<li>\r\n<h2 class=\"privacy-policy-h2\">Reten\u00e7\u00e3o de suas informa\u00e7\u00f5es:<\/h2>\r\n<p class=\"privacy-policy-p\">Manteremos suas informa\u00e7\u00f5es pessoais conosco para 90 dias a 2 anos ap\u00f3s as contas do usu\u00e1rio terem sido removidas pelo usu\u00e1rio ou pelo tempo necess\u00e1rio para cumprir os prop\u00f3sitos de que foram coletados conforme detalhado nesta Pol\u00edtica de Privacidade. Podemos precisar reter certas informa\u00e7\u00f5es por per\u00edodos mais longos, como manuten\u00e7\u00e3o de registros \/ relat\u00f3rios de acordo com lei aplic\u00e1vel ou por outros motivos leg\u00edtimos como aplica\u00e7\u00e3o de direitos legais, preven\u00e7\u00e3o de fraude, etc. Informa\u00e7\u00f5es residuais an\u00f4nimas e informa\u00e7\u00f5es agregadas, nenhuma das quais identifica voc\u00ea (direta ou indiretamente), podem ser armazenadas indefinidamente.<\/p>\r\n<\/li>\r\n<li>\r\n<h2 class=\"privacy-policy-h2\">Seus direitos:<\/h2>\r\n<p class=\"privacy-policy-p\">Dependendo da lei aplic\u00e1vel, voc\u00ea pode ter o direito de acessar e retificar ou apagar seu dados pessoais ou receba uma c\u00f3pia dos seus dados, restringir ou objetar ao ativo processamento de seus dados, pe\u00e7a-nos para compartilhar suas informa\u00e7\u00f5es pessoais para outra entidade, retirar qualquer consentimento que voc\u00ea nos forneceu para processar seus dados, o direito de apresentar uma reclama\u00e7\u00e3o com uma autoridade estatut\u00e1ria e outros direitos conforme possa ser relevante de acordo com as leis aplic\u00e1veis. Para exercer esses direitos, voc\u00ea pode escrever para n\u00f3s em web@brclarus.com. N\u00f3s responderemos ao seu pedido de acordo com a legisla\u00e7\u00e3o aplic\u00e1vel.<\/p>\r\n<p class=\"privacy-policy-p\">Voc\u00ea pode desativar o marketing direto comunica\u00e7\u00f5es ou o perfil que realizamos para para fins de marketing, escrevendo para n\u00f3s em marketing@brclarus.com.<\/p>\r\n<p class=\"privacy-policy-p\">Observe que, se voc\u00ea n\u00e3o nos permitir coletar ou processar as informa\u00e7\u00f5es pessoais necess\u00e1rias ou retirar o consentimento para processar o mesmo para o finalidades necess\u00e1rias, voc\u00ea pode n\u00e3o conseguir acessar ou usar os servi\u00e7os para os quais suas informa\u00e7\u00f5es foi procurado.<\/p>\r\n<\/li>\r\n<li>\r\n<h2 class=\"privacy-policy-h2\">Cookies etc.<\/h2>\r\n<p class=\"privacy-policy-p\">Para saber mais sobre como usamos esses e suas escolhas em rela\u00e7\u00e3o a esses rastreamento tecnologias, consulte nossa <a href=\"https:\/\/clarustactical.com\/loja\"> Pol\u00edtica de cookies. <\/a><\/p>\r\n<\/li>\r\n<li>\r\n<h2 class=\"privacy-policy-h2\">Seguran\u00e7a:<\/h2>\r\n<p class=\"privacy-policy-p\">A seguran\u00e7a de suas informa\u00e7\u00f5es \u00e9 importante para n\u00f3s e usaremos medidas de seguran\u00e7a razo\u00e1veis para evitar a perda, uso indevido ou n\u00e3o autorizado altera\u00e7\u00e3o de suas informa\u00e7\u00f5es em nosso ao controle. No entanto, dados os riscos inerentes, n\u00f3s n\u00e3o pode garantir seguran\u00e7a absoluta e consequentemente, n\u00e3o podemos garantir ou garantir o seguran\u00e7a de qualquer informa\u00e7\u00e3o que voc\u00ea nos transmita e voc\u00ea o faz por sua pr\u00f3pria conta e risco.<\/p>\r\n<\/li>\r\n<li>\r\n<h2 class=\"privacy-policy-h2\">Links de terceiros e uso de suas informa\u00e7\u00f5es:<\/h2>\r\n<p class=\"privacy-policy-p\">Nosso servi\u00e7o pode conter links para outros sites que n\u00e3o s\u00e3o operados por n\u00f3s. Esta Pol\u00edtica de Privacidade n\u00e3o aborda a pol\u00edtica de privacidade e outras pr\u00e1ticas de terceiros, incluindo qualquer terceiro operando qualquer site ou servi\u00e7o que pode ser acessado por meio de um link no Servi\u00e7o. Aconselhamos vivamente que reveja o pol\u00edtica de privacidade de cada site que voc\u00ea visita. N\u00f3s temos nenhum controle e nenhuma responsabilidade por o conte\u00fado, pol\u00edticas de privacidade ou pr\u00e1ticas de quaisquer sites ou servi\u00e7os de terceiros.<\/p>\r\n<\/li>\r\n<li>\r\n<h2 class=\"privacy-policy-h2\">Oficial de reclama\u00e7\u00e3o \/ prote\u00e7\u00e3o de dados:<\/h2>\r\n<p class=\"privacy-policy-p\">Se voc\u00ea tiver alguma d\u00favida ou preocupa\u00e7\u00e3o sobre o processamento de suas informa\u00e7\u00f5es que est\u00e3o dispon\u00edveis conosco, voc\u00ea pode enviar um e-mail para nosso Diretor de Reclama\u00e7\u00f5es em CLARUS Technology do Brasil Ltda., Via Anhanguera, KM123, email: web@brclarus.com. Abordaremos suas preocupa\u00e7\u00f5es de acordo com a legisla\u00e7\u00e3o aplic\u00e1vel.<\/p>\r\n<\/li>\r\n<\/ol>\n","protected":false},"excerpt":{"rendered":"<p>Pol\u00edtica de privacidade Atualizado em 05 de julho de 2021 Data Efetiva 05-Jul-2021 Esta Pol\u00edtica de Privacidade descreve as pol\u00edticas de CLARUS Technology do Brasil Ltda. (CLARUS Tactical), Via Anhanguera, KM123, SP 13475000, Brasil, email: web@brclarus.com, telefone: +55 19 34659000 na cole\u00e7\u00e3o, uso e divulga\u00e7\u00e3o de suas informa\u00e7\u00f5es que coletamos quando voc\u00ea usa nosso site [&hellip;]<\/p>\n","protected":false},"author":1,"featured_media":0,"parent":0,"menu_order":0,"comment_status":"closed","ping_status":"open","template":"","meta":[],"yoast_head":"<!-- This site is optimized with the Yoast SEO plugin v17.1 - https:\/\/yoast.com\/wordpress\/plugins\/seo\/ -->\n<title>Pol\u00edtica de privacidade &ndash; CLARUS Tactical - Loja Oficial<\/title>\n<meta name=\"robots\" content=\"index, follow, max-snippet:-1, max-image-preview:large, max-video-preview:-1\" \/>\n<link rel=\"canonical\" href=\"https:\/\/clarustactical.com\/loja\/politica-de-privacidade\/\" \/>\n<meta property=\"og:locale\" content=\"pt_BR\" \/>\n<meta property=\"og:type\" content=\"article\" \/>\n<meta property=\"og:title\" content=\"Pol\u00edtica de privacidade &ndash; CLARUS Tactical - Loja Oficial\" \/>\n<meta property=\"og:description\" content=\"Pol\u00edtica de privacidade Atualizado em 05 de julho de 2021 Data Efetiva 05-Jul-2021 Esta Pol\u00edtica de Privacidade descreve as pol\u00edticas de CLARUS Technology do Brasil Ltda. (CLARUS Tactical), Via Anhanguera, KM123, SP 13475000, Brasil, email: web@brclarus.com, telefone: +55 19 34659000 na cole\u00e7\u00e3o, uso e divulga\u00e7\u00e3o de suas informa\u00e7\u00f5es que coletamos quando voc\u00ea usa nosso site [&hellip;]\" \/>\n<meta property=\"og:url\" content=\"https:\/\/clarustactical.com\/loja\/politica-de-privacidade\/\" \/>\n<meta property=\"og:site_name\" content=\"CLARUS Tactical - Loja Oficial\" \/>\n<meta property=\"article:modified_time\" content=\"2021-11-05T12:54:19+00:00\" \/>\n<meta name=\"twitter:card\" content=\"summary_large_image\" \/>\n<meta name=\"twitter:label1\" content=\"Est. reading time\" \/>\n\t<meta name=\"twitter:data1\" content=\"5 minutos\" \/>\n<script type=\"application\/ld+json\" class=\"yoast-schema-graph\">{\"@context\":\"https:\/\/schema.org\",\"@graph\":[{\"@type\":\"WebSite\",\"@id\":\"https:\/\/clarustactical.com\/loja\/#website\",\"url\":\"https:\/\/clarustactical.com\/loja\/\",\"name\":\"ProArmas by CLARUS Tactical\",\"description\":\"Produtos para Manuten\\u00e7\\u00e3o de Armas\",\"potentialAction\":[{\"@type\":\"SearchAction\",\"target\":{\"@type\":\"EntryPoint\",\"urlTemplate\":\"https:\/\/clarustactical.com\/loja\/?s={search_term_string}\"},\"query-input\":\"required name=search_term_string\"}],\"inLanguage\":\"pt-BR\"},{\"@type\":\"WebPage\",\"@id\":\"https:\/\/clarustactical.com\/loja\/politica-de-privacidade\/#webpage\",\"url\":\"https:\/\/clarustactical.com\/loja\/politica-de-privacidade\/\",\"name\":\"Pol\\u00edtica de privacidade &ndash; CLARUS Tactical - Loja Oficial\",\"isPartOf\":{\"@id\":\"https:\/\/clarustactical.com\/loja\/#website\"},\"datePublished\":\"2021-07-21T12:08:53+00:00\",\"dateModified\":\"2021-11-05T12:54:19+00:00\",\"breadcrumb\":{\"@id\":\"https:\/\/clarustactical.com\/loja\/politica-de-privacidade\/#breadcrumb\"},\"inLanguage\":\"pt-BR\",\"potentialAction\":[{\"@type\":\"ReadAction\",\"target\":[\"https:\/\/clarustactical.com\/loja\/politica-de-privacidade\/\"]}]},{\"@type\":\"BreadcrumbList\",\"@id\":\"https:\/\/clarustactical.com\/loja\/politica-de-privacidade\/#breadcrumb\",\"itemListElement\":[{\"@type\":\"ListItem\",\"position\":1,\"name\":\"Home\",\"item\":\"https:\/\/clarustactical.com\/loja\/\"},{\"@type\":\"ListItem\",\"position\":2,\"name\":\"Pol\\u00edtica de privacidade\"}]}]}<\/script>\n<!-- \/ Yoast SEO plugin. -->","yoast_head_json":{"title":"Pol\u00edtica de privacidade &ndash; CLARUS Tactical - Loja Oficial","robots":{"index":"index","follow":"follow","max-snippet":"max-snippet:-1","max-image-preview":"max-image-preview:large","max-video-preview":"max-video-preview:-1"},"canonical":"https:\/\/clarustactical.com\/loja\/politica-de-privacidade\/","og_locale":"pt_BR","og_type":"article","og_title":"Pol\u00edtica de privacidade &ndash; CLARUS Tactical - Loja Oficial","og_description":"Pol\u00edtica de privacidade Atualizado em 05 de julho de 2021 Data Efetiva 05-Jul-2021 Esta Pol\u00edtica de Privacidade descreve as pol\u00edticas de CLARUS Technology do Brasil Ltda. (CLARUS Tactical), Via Anhanguera, KM123, SP 13475000, Brasil, email: web@brclarus.com, telefone: +55 19 34659000 na cole\u00e7\u00e3o, uso e divulga\u00e7\u00e3o de suas informa\u00e7\u00f5es que coletamos quando voc\u00ea usa nosso site [&hellip;]","og_url":"https:\/\/clarustactical.com\/loja\/politica-de-privacidade\/","og_site_name":"CLARUS Tactical - Loja Oficial","article_modified_time":"2021-11-05T12:54:19+00:00","twitter_card":"summary_large_image","twitter_misc":{"Est. reading time":"5 minutos"},"schema":{"@context":"https:\/\/schema.org","@graph":[{"@type":"WebSite","@id":"https:\/\/clarustactical.com\/loja\/#website","url":"https:\/\/clarustactical.com\/loja\/","name":"ProArmas by CLARUS Tactical","description":"Produtos para Manuten\u00e7\u00e3o de Armas","potentialAction":[{"@type":"SearchAction","target":{"@type":"EntryPoint","urlTemplate":"https:\/\/clarustactical.com\/loja\/?s={search_term_string}"},"query-input":"required name=search_term_string"}],"inLanguage":"pt-BR"},{"@type":"WebPage","@id":"https:\/\/clarustactical.com\/loja\/politica-de-privacidade\/#webpage","url":"https:\/\/clarustactical.com\/loja\/politica-de-privacidade\/","name":"Pol\u00edtica de privacidade &ndash; CLARUS Tactical - Loja Oficial","isPartOf":{"@id":"https:\/\/clarustactical.com\/loja\/#website"},"datePublished":"2021-07-21T12:08:53+00:00","dateModified":"2021-11-05T12:54:19+00:00","breadcrumb":{"@id":"https:\/\/clarustactical.com\/loja\/politica-de-privacidade\/#breadcrumb"},"inLanguage":"pt-BR","potentialAction":[{"@type":"ReadAction","target":["https:\/\/clarustactical.com\/loja\/politica-de-privacidade\/"]}]},{"@type":"BreadcrumbList","@id":"https:\/\/clarustactical.com\/loja\/politica-de-privacidade\/#breadcrumb","itemListElement":[{"@type":"ListItem","position":1,"name":"Home","item":"https:\/\/clarustactical.com\/loja\/"},{"@type":"ListItem","position":2,"name":"Pol\u00edtica de privacidade"}]}]}},"_links":{"self":[{"href":"https:\/\/clarustactical.com\/loja\/wp-json\/wp\/v2\/pages\/3"}],"collection":[{"href":"https:\/\/clarustactical.com\/loja\/wp-json\/wp\/v2\/pages"}],"about":[{"href":"https:\/\/clarustactical.com\/loja\/wp-json\/wp\/v2\/types\/page"}],"author":[{"embeddable":true,"href":"https:\/\/clarustactical.com\/loja\/wp-json\/wp\/v2\/users\/1"}],"replies":[{"embeddable":true,"href":"https:\/\/clarustactical.com\/loja\/wp-json\/wp\/v2\/comments?post=3"}],"version-history":[{"count":4,"href":"https:\/\/clarustactical.com\/loja\/wp-json\/wp\/v2\/pages\/3\/revisions"}],"predecessor-version":[{"id":3462,"href":"https:\/\/clarustactical.com\/loja\/wp-json\/wp\/v2\/pages\/3\/revisions\/3462"}],"wp:attachment":[{"href":"https:\/\/clarustactical.com\/loja\/wp-json\/wp\/v2\/media?parent=3"}],"curies":[{"name":"wp","href":"https:\/\/api.w.org\/{rel}","templated":true}]}}